it of f?
2
Suppose -2*i - 3*i = -20. What is the units digit of ((-29)/i)/((-8)/32)?
9
Let m(j) = j**3 - 9*j**2 - 13*j + 1. Let n be m(11). Suppose 20 = 5*u, -n = -5*c - 0*c + 5*u. Suppose 2*x = 6*x - c. What is the units digit of x?
6
Let k = 4 - 4. Suppose k = h + 3. Let u = -2 - h. What is the units digit of u?
1
What is the tens digit of (0 - 1)/((-16)/912)?
5
Let s = -3 + 8. Suppose -69 = -s*y + 6. What is the units digit of y?
5
Let q(p) = -p**3 + 5*p**2 - 2*p - 4. Let i be q(4). Let n(m) = -m**3 + 3*m**2 + 6*m - 5. Let z be n(i). Suppose 32 = z*x + x. What is the units digit of x?
8
Let m = 107 - 72. Suppose 2*t = m + 7. What is the tens digit of t?
2
Suppose 5*w = -5*h + 45, -26 = -h - h + 2*w. Suppose -2*i + h + 9 = 0. What is the units digit of i?
0
Suppose 0*c = 3*c. Suppose 2*o + 4*y - 46 = c, -4*y + 0*y + 29 = o. What is the tens digit of o?
1
Let o(c) = c**3 + 6*c**2 - 8*c - 3. Let n(x) = x - 14. Let y be n(7). Let g be o(y). Suppose 16 = m + m + k, -k = -g*m + 26. What is the units digit of m?
7
Let t(p) = -p**2 - 10*p + 6. Let c be ((-9)/(-4))/((-6)/24). What is the tens digit of t(c)?
1
Let r(p) = 3*p + 6. Let c be r(-4). Let n = 10 + c. What is the units digit of n?
4
Suppose -8*y + 9 + 31 = 0. Let z be 11/(-3) - (-1)/(-3). What is the units digit of (y - 8)*z/6?
2
Suppose -2*l = -14*l + 324. What is the tens digit of l?
2
Let d(q) = 9*q + 17. Let s(m) = -m - 1. Let i(c) = -2*d(c) - 22*s(c). What is the tens digit of i(7)?
1
Let b(y) = -11*y + 1. Let p(n) = 11*n - 1. Let l(h) = 3*b(h) + 4*p(h). Let r be l(1). Let s = r - 4. What is the units digit of s?
6
Suppose -5*x - 55 = -340. What is the tens digit of x?
5
Suppose 4*v - 444 = 5*d - 3*d, -v - 3*d + 104 = 0. What is the tens digit of v?
1
Suppose -3*n + 359 = 2*a, -840 = -5*a + n + 3*n. Let g = a + -121. What is the tens digit of g?
5
Suppose 9*x = 1237 + 140. What is the hundreds digit of x?
1
Let f(k) = 11*k + 24. Let g(m) = 5*m + 12. Let s(u) = 2*f(u) - 5*g(u). What is the tens digit of s(-8)?
1
Let j(x) = 26*x**2 + 3*x - 4. Let s be j(2). Suppose 2*n - 4*n - 4*i + s = 0, 20 = 4*i. What is the units digit of n?
3
Suppose 0 = -22*h + 24*h + 14. Let y = h - -19. What is the units digit of y?
2
Let o(p) be the second derivative of p**5/20 - 5*p**4/12 + p**3/3 - 3*p**2/2 - p. Let j be o(2). Let z = 18 + j. What is the units digit of z?
7
Suppose -4*w + 22 = 6. Suppose -w*a = 5*j - 113, a + 0*j - 3*j - 24 = 0. What is the units digit of a?
7
Let j be (-2)/(-8) + 8/(-32). Suppose -x + w = -j*w - 39, 0 = -2*w. What is the tens digit of x?
3
Suppose 0 = -3*s - 4*w + 7, 2*s - 2*w = -6*w + 2. Suppose -s*j = -8 - 2. What is the units digit of j?
2
Suppose -3*x + 100 = 4*p, -127 = -3*x - x + p. Suppose f - x = -3*f. What is the units digit of f?
8
Let g(y) = 2*y**2 - y + 2. What is the tens digit of g(-4)?
3
Suppose -3*b = 2*b. Suppose q - 2*o - 18 = b, 5*o = 5*q - 0*q - 75. What is the tens digit of q?
1
Suppose 0 = -4*v - v + c + 379, 0 = 3*c - 3. What is the units digit of v?
6
Let v = -7 + 9. What is the units digit of v?
2
Let g = 161 + -64. What is the tens digit of g?
9
Let m = -48 - -58. What is the tens digit of m?
1
Let d = -1 - -4. What is the units digit of 9/(d - 0) - -3?
6
Let n = -19 - -57. What is the units digit of n?
8
Let m(u) = 2*u**3 + 3*u**2 + 3*u. Let h be m(-3). What is the tens digit of (-9)/h + (-342)/(-8)?
4
Suppose 2*r + 0*r - 180 = 0. Suppose -r = -4*v + 2*k, k - 1 + 2 = 0. What is the tens digit of v?
2
Let w = -1 + 1. Suppose -3*c = 2*s + 4, 4*s + 2 + 8 = -5*c. Suppose -3 - 3 = c*t + 5*u, -2*u - 4 = w. What is the units digit of t?
2
Suppose -30 = -4*z + 2*g, -4*z - 3*g + 7 + 8 = 0. Suppose z = y + 3. What is the units digit of 12/(-18)*y/(-2)?
1
Let t(j) = 19*j + 10. Let z(g) = -13*g - 7. Let r(i) = -5*t(i) - 7*z(i). What is the units digit of r(-1)?
3
Let l(o) = 7*o - 3*o - 1 + 2*o - 3*o. What is the units digit of l(1)?
2
Let f be (-1)/3 - 50/(-15). Let h(t) = -t**2 + 7*t - 4. What is the units digit of h(f)?
8
What is the hundreds digit of 14/(-49) + 4078/14?
2
Let q be (-1)/2*0 + 0. Suppose 0 = 2*a + 4 - 12. Suppose 3*b - 9 + 0 = a*d, q = -d. What is the units digit of b?
3
Suppose 0*k + k = 1. Let r = 4 - k. Let b = r + -1. What is the units digit of b?
2
Let h = 8 + -4. Suppose h*d + 30 = 5*z, -30 = -6*z + z - d. What is the units digit of z?
6
Suppose 3*a + 2 = 5. Suppose b + a - 11 = 0. Suppose b*j - 5*j - 8 = -c, 4*j - 3*c = -5. What is the units digit of j?
1
Let r(c) = 0*c + 6*c - c**3 + 1 - c - 5*c**2. What is the units digit of r(-6)?
7
Let a be 9/6*3*-2. Let z(i) = 3*i - 9. Let k be z(9). Let x = k + a. What is the units digit of x?
9
Suppose -2*n + 5 = 1. Let z be (-28 + 0)/((-2)/n). Suppose -2*r = 2*r - z. What is the units digit of r?
7
Let f(u) = -u**3 + 6*u**2 - 2*u - 3. Suppose v - 32 = -3*z - 3*v, -2*z + 4*v - 12 = 0. What is the tens digit of f(z)?
2
Let l(j) = j**2 - 2*j - 4. Let v be l(3). Let u be (v - -2)*(1 + -2). What is the units digit of 2 + u - 2 - -2?
1
Let j = 1 + 19. What is the tens digit of j?
2
Suppose 2*c = -4*z - 3*c + 655, -z + 3*c = -168. What is the tens digit of z?
6
Suppose 3*i + 54 = 6*i. Suppose i = 4*c - 38. What is the tens digit of c?
1
Suppose -6*z + 1364 = -1156. What is the units digit of z?
0
Let z = 7 + -1. Suppose 0*c - c + z = 0. What is the units digit of c?
6
Let t be (60/(-25))/((-4)/10). Suppose 3*q + 44 = -u + t*u, 4*u + 3*q = 19. What is the units digit of u?
7
Suppose 2*r + 1 + 5 = 0. Let n be (1 - -1)/(-2) - r. What is the units digit of (-10)/(-6) + n/6?
2
What is the tens digit of -1 - -74 - (-12 + 16)?
6
Let t = 40 - 70. What is the tens digit of 2/(-10) + (-396)/t?
1
Let c = 3 - -3. Suppose g - c = 2*g. What is the units digit of 3*(-4)/g - -2?
4
Suppose 4*q - 8 - 8 = 0. Let b(v) = -v**3 + 3*v**2 + 5*v - 1. Let z be b(q). Suppose 27 = z*g + 6. What is the units digit of g?
7
Suppose l - 4*l + 36 = 0. What is the units digit of l?
2
Suppose 5*s - 274 = -x, 53 = -5*s + 2*x + 315. What is the tens digit of s?
5
Let t(v) = -2*v - 2. Let j be t(-3). Suppose j*s - 110 = -s. What is the tens digit of s?
2
Suppose t = -0*t. Suppose -5*p - 28 = -3*f, 0 = p - 3*f - t*f + 8. Let j = 9 - p. What is the units digit of j?
4
Suppose 127 = -2*s + 583. What is the tens digit of s?
2
Let l(u) = u**2 - u + 1. Let h be l(-2). Let v(f) = -f**2 + 5*f - 3. Let j be v(5). Let b = h + j. What is the units digit of b?
4
Let h(u) = -u**3 - 6*u**2. Let m be h(-6). Let r(v) = 2*v**2 + m + 2 + 3*v - 10*v. What is the tens digit of r(5)?
1
Let x be (-10)/8 + (-3)/(-12). Let n = x + 2. Suppose -n = 2*o - 3. What is the units digit of o?
1
Suppose -2*y + y + 62 = 0. What is the units digit of y?
2
Suppose 0 = -3*w + 5 + 1. Let o = w - 10. Let h = o - -19. What is the units digit of h?
1
Suppose 32 = -4*d - 36. What is the tens digit of (3 + -3)/3 - d?
1
Suppose 0 = 2*z + z - 159. What is the tens digit of z?
5
Let t = -7 + 7. Suppose 2*p - 2*u = -t*p + 32, 3*p - 5*u - 54 = 0. What is the tens digit of p?
1
Let w(l) = l**2 + 6*l + 10. What is the tens digit of w(-7)?
1
Suppose -3*y + 272 = y. What is the units digit of y?
8
What is the tens digit of (-18)/(-15)*(-2500)/(-15) - -2?
0
Let v(z) = z**3 + 3*z**2 + 3. Let u be v(-3). Suppose 0 = -2*s - 13 + 19. Suppose 4*o + 2*l - 42 = 0, 4*o + u = 5*o + s*l. What is the tens digit of o?
1
Suppose 2*n + 2 = 3*n. Let r be 6*(n + (-10)/(-3)). Suppose r = 5*o - 8. What is the units digit of o?
8
Let d(y) = -y**3 + 10*y**2 - 10*y + 11. Let c be d(9). Let x = 30 - 18. Suppose -5*l + x = -c*l. What is the units digit of l?
4
Let u(l) = 359*l - 4. What is the tens digit of u(1)?
5
Let y(v) = v**3 + 8*v**2 - 13*v - 17. What is the tens digit of y(-7)?
2
Let t = 11 + -11. Let f(d) = t + 0 + d - 4. What is the units digit of f(9)?
5
Let t be 2/(-3)*63/(-14). Suppose -t*x + 0*x + 15 = 0. What is the units digit of x?
5
What is the units digit of (-4)/(-7) - 45/(-105)?
1
Let t(i) = -i**3 + 6*i**2 + 8*i + 4. Let n be (-16)/(-72) + 122/18. What is the units digit of t(n)?
1
Suppose -27 - 32 = -n. Suppose 5 = 2*z - n. Let v = z - 20. What is the tens digit of v?
1
Suppose -5 = 4*r + 3, -2*q - r - 2 = 0. Suppose q = -5*k + 73 - 28. What is the units digit of k?
9
Suppose d = -0 + 1. 